t 1020110201 (base 3) to base 5.
1240100
Convert -288 (base 15) to base 8.
-1102
Convert 1296 (base 11) to base 13.
9c1
4 (base 8) to base 13
4
-3047 (base 14) to base 15
-26d0
What is 1759e (base 15) in base 10?
75524
Convert -44606 (base 7) to base 8.
-26014
Convert 1220 (base 16) to base 11.
3539
Convert -7a1b (base 15) to base 3.
-1022112022
What is -2001304 (base 5) in base 13?
-11417
73b (base 13) to base 5
14413
What is 6625 (base 8) in base 14?
13a5
What is 14245 (base 6) in base 11?
1776
What is 2110010 (base 4) in base 3?
110222222
What is -15648 (base 10) in base 4?
-3310200
Convert 142202 (base 5) to base 10.
5927
Convert 1374 (base 15) to base 6.
31131
Convert 1863 (base 14) to base 8.
10457
Convert 30100 (base 4) to base 10.
784
What is 20001 (base 7) in base 2?
1001011000011
-4044 (base 5) to base 11
-437
Convert 4a6 (base 16) to base 15.
545
Convert -236 (base 15) to base 9.
-616
What is -302 (base 8) in base 3?
-21012
Convert -1237 (base 12) to base 11.
-1602
Convert 10151 (base 9) to base 6.
50544
1324 (base 10) to base 12
924
What is -75a (base 11) in base 2?
-1110010000
What is -1a001 (base 13) in base 8?
-142544
Convert 4188 (base 11) to base 16.
15a5
Convert 3406 (base 8) to base 14.
926
875c (base 13) to base 5
1100321
-cdd (base 15) to base 2
-101101011100
Convert 3310 (base 4) to base 2.
11110100
Convert 33530 (base 9) to base 7.
122010
-5464 (base 7) to base 4
-132211
What is -14739 (base 10) in base 11?
-1008a
930 (base 12) to base 7
3612
What is -1168 (base 12) in base 11?
-1515
What is 100011 (base 2) in base 14?
27
What is 10203 (base 4) in base 5?
2131
Convert -315a (base 11) to base 14.
-1747
Convert -2032 (base 4) to base 5.
-1032
What is -15 (base 11) in base 7?
-22
Convert 21133 (base 4) to base 11.
502
Convert 37e2 (base 16) to base 13.
6686
Convert -214 (base 11) to base 6.
-1105
What is -10022221111 (base 3) in base 14?
-19c77
What is -22322 (base 4) in base 8?
-1272
What is 57718 (base 9) in base 10?
38492
-179 (base 10) to base 13
-10a
Convert -161b (base 13) to base 10.
-3235
Convert -22144 (base 5) to base 6.
-11101
-1a40 (base 16) to base 7
-25410
-22121 (base 3) to base 10
-232
What is 11120212 (base 3) in base 14?
130c
Convert -157a (base 15) to base 7.
-16312
Convert -fd4 (base 16) to base 12.
-2418
What is -13421 (base 5) in base 10?
-1111
What is 10000000011 (base 2) in base 15?
487
Convert -312102 (base 5) to base 6.
-115325
Convert -2230001 (base 4) to base 14.
-4025
Convert 140754 (base 8) to base 11.
34331
Convert -5c1 (base 13) to base 6.
-4350
Convert -2473 (base 9) to base 12.
-10a0
Convert 2502 (base 6) to base 12.
432
What is 1014 (base 5) in base 7?
251
4207 (base 9) to base 10
3085
Convert -60 (base 11) to base 9.
-73
Convert ab5 (base 13) to base 3.
2112002
Convert -132224 (base 8) to base 5.
-2434403
Convert -499a (base 13) to base 8.
-24304
What is -2000022 (base 3) in base 16?
-5ba
What is 20001021 (base 3) in base 15?
148d
-227a (base 13) to base 2
-1001011100001
Convert -2020220000 (base 3) to base 9.
-66800
-101301 (base 5) to base 4
-303332
What is -575 (base 13) in base 7?
-2513
Convert 110100010 (base 2) to base 10.
418
Convert -b5 (base 14) to base 4.
-2133
-b85 (base 15) to base 6
-20012
-110010 (base 2) to base 10
-50
What is -10101000101 (base 2) in base 9?
-1758
What is 100 (base 5) in base 12?
21
22122002 (base 3) to base 12
3785
What is 22410 (base 5) in base 7?
4452
Convert 12a (base 13) to base 5.
1310
Convert -3142 (base 5) to base 2.
-110100110
Convert -1997 (base 13) to base 2.
-111100000010
What is 269 (base 16) in base 4?
21221
What is -2461 (base 8) in base 3?
-1211020
Convert -62b7 (base 15) to base 4.
-11012020
Convert 223112 (base 4) to base 10.
2774
What is -1609 (base 11) in base 15?
-92b
What is -114423 (base 6) in base 9?
-14756
102220101 (base 3) to base 13
3c46
Convert -14460 (base 9) to base 11.
-744a
What is -25 (base 11) in base 8?
-33
-101000100001110 (base 2) to base 13
-95a2
-5146 (base 9) to base 16
-eb8
-2321221 (base 4) to base 13
-553c
What is 12c53 (base 13) in base 6?
430135
Convert 560 (base 7) to base 12.
1bb
-a96b (base 16) to base 10
-43371
142414 (base 6) to base 2
11010011101010
What is -133310 (base 4) in base 15?
-90b
Convert -2205 (base 7) to base 2.
-1100010101
What is -3423 (base 9) in base 8?
-4744
6d8d (base 15) to base 12
115a4
616 (base 7) to base 8
463
1738a (base 11) to base 7
131123
What is c4 (base 16) in base 2?
11000100
Convert 23021 (base 6) to base 12.
1a71
-db (base 14) to base 13
-11b
-322 (base 12) to base 4
-13022
Convert -50 (base 10) to base 2.
-110010
What is 1121020 (base 4) in base 9?
7737
21431 (base 5) to base 11
1136
-1202003 (base 4) to base 5
-200100
Convert -13c (base 14) to base 12.
-18a
Convert -12433 (base 5) to base 15.
-463
What is -80d (base 16) in base 2?
-100000001101
What is -e18 (base 15) in base 5?
-100143
-39d (base 16) to base 9
-1237
Convert 24056 (base 11) to base 8.
103553
What is 33213 (base 4) in base 5?
12444
-85367 (base 9) to base 8
-156165
-10583 (base 10) to base 15
-3208
What is -342 (base 11) in base 15?
-1c4
-12152 (base 9) to base 13
-3929
Convert 200222 (base 3) to base 12.
368
What is 1424 (base 8) in base 9?
1065
4162 (base 7) to base 6
10441
-1012122110 (base 3) to base 2
-101110011110111
What is 84 (base 11) in base 8?
134
-6444 (base 7) to base 6
-14330
Convert 210121212 (base 3) to base 8.
36624
Convert -b933 (base 12) to base 5.
-1122333
What is 52 (base 16) in base 6?
214
Convert -31010 (base 4) to base 5.
-11321
What is -a54 (base 11) in base 7?
-3462
Convert 559 (base 10) to base 6.
2331
-144 (base 5) to base 6
-121
What is 1344313 (base 5) in base 7?
144606
What is 1b8 (base 16) in base 5?
3230
Convert 13bb (base 12) to base 4.
203333
What is -4227 (base 13) in base 11?
-6977
Convert -11312321 (base 4) to base 10.
-23993
Convert -3433 (base 7) to base 8.
-2341
What is 623 (base 15) in base 13?
825
What is 51e (base 15) in base 8?
2202
1685 (base 12) to base 5
41233
Convert 2394 (base 13) to base 6.
35130
What is 10264 (base 12) in base 11?
14942
2404 (base 5) to base 6
1350
Convert 1991 (base 11) to base 10.
2520
200011022 (base 3) to base 2
11001110110110
What is 7329 (base 12) in base 10?
12561
What is 41a8 (base 11) in base 10?
5563
Convert 5777 (base 8) to base 10.
3071
What is -16706 (base 8) in base 14?
-2ac6
What is 1110222 (base 3) in base 14?
571
Convert -230413 (base 5) to base 12.
-4921
What is -262 (base 12) in base 10?
-362
What is 1001011011011 (base 2) in base 10?
4827
Convert -410 (base 10) to base 13.
-257
15525 (base 8) to base 11
5291
ca (base 15) to base 6
514
-11 (base 15) to base 6
-24
-111 (base 9) to base 10
-91
2322 (base 8) to base 7
3412
Convert 7870 (base 10) to base 8.
17276
-11234 (base 6) to base 2
-11001000110
What is 3685 (base 10) in base 14?
14b3
What is -10101001 (base 2) in base 8?
-251
Convert -122 (base 8) to base 10.
-82
What is -101410 (base 5) in base 10?
-3355
What is -100527 (base 9) in base 3?
-10000120221
What is 13130 (base 6) in base 13?
ba9
-49e1 (base 15) to base 8
-36570
Convert 303 (base 12) to base 11.
366
What is -24414 (base 5) in base 6?
-12335
What is -210420 (base 5) in base 13?
-3244
-12014 (base 9) to base 6
-101104
Convert 138 (base 13) to base 7.
426
Convert 1478 (base 14) to base 7.
13411
Convert 1203403 (base 5) to base 11.
15881
What is -56f (base 16) in base 10?
-1391
Convert 421 (base 8) to base 6.
1133
33 (base 5) to base 11
17
-253263 (base 7) to base 16
-b6c7
What is -119 (base 12) in base 9?
-203
What is 33223 (base 4) in base 9?
1334
Convert -604 (base 11) to base 4.
-23122
Convert -1110401 (base 6) to base 15.
-1184d
Convert -34222 (base 5) to base 6.
-15141
What is -21441 (base 13) in base 11?
-4112a
What is -156 (base 15) in base 6?
-1230
7742 (base 8) to base 12
242a
What is -1120010 (base 3) in base 10?
-1137
Convert -31d (base 14) to base 13.
-384
What is 1a804 (base 13) in base 12?
2603b
Convert -126620 (base 7) to base 3.
-1012212222
Convert -429 (base 13) to base 9.
-870
What is -42f1 (base 16) in base 3?
-212111201
329 (base 14) to base 12
441
-252 (base 14) to base 3
-122012
Convert -1001040 (base 5) to base 13.
-7241
Convert -5581 (base 9) to base 12.
-2477
Convert -231012 (bas